common factor of 240 and 160.
80
What is the greatest common divisor of 320 and 120?
40
Calculate the highest common divisor of 452 and 12430.
226
Calculate the greatest common factor of 108 and 60.
12
Calculate the greatest common divisor of 94 and 5123.
47
What is the highest common factor of 260 and 3260?
20
What is the greatest common factor of 224 and 96?
32
What is the greatest common factor of 25 and 2?
1
Calculate the greatest common divisor of 42 and 1281.
21
Calculate the greatest common factor of 112 and 51184.
112
What is the greatest common divisor of 2261 and 133?
133
What is the highest common factor of 267 and 57?
3
Calculate the highest common factor of 15 and 685.
5
What is the highest common divisor of 610 and 1586?
122
What is the highest common factor of 55152 and 9?
9
Calculate the highest common divisor of 275 and 75.
25
What is the highest common divisor of 7317 and 27?
27
Calculate the greatest common factor of 1617 and 429.
33
Calculate the greatest common divisor of 74 and 1073.
37
Calculate the greatest common divisor of 1377 and 405.
81
What is the highest common divisor of 1479 and 408?
51
What is the greatest common factor of 70 and 126?
14
Calculate the greatest common factor of 48 and 33.
3
What is the greatest common divisor of 42 and 246?
6
Calculate the greatest common divisor of 2 and 16310.
2
What is the greatest common factor of 207 and 23?
23
What is the greatest common factor of 224 and 266?
14
Calculate the greatest common factor of 16 and 59824.
16
What is the highest common divisor of 342 and 36?
18
What is the greatest common factor of 102 and 272?
34
What is the highest common factor of 36 and 624?
12
Calculate the highest common factor of 12 and 10012.
4
Calculate the highest common factor of 4352 and 2992.
272
What is the highest common factor of 152 and 4864?
152
Calculate the highest common factor of 4 and 318.
2
Calculate the greatest common factor of 76 and 16.
4
Calculate the highest common factor of 432 and 1917.
27
Calculate the greatest common factor of 66 and 38.
2
What is the greatest common divisor of 134 and 16?
2
What is the highest common divisor of 52 and 26?
26
What is the highest common factor of 1 and 2?
1
Calculate the highest common factor of 47 and 376.
47
What is the highest common factor of 31325 and 175?
175
Calculate the highest common divisor of 1552 and 16.
16
What is the highest common divisor of 735 and 135?
15
What is the greatest common divisor of 1 and 101?
1
Calculate the highest common divisor of 1755 and 15.
15
What is the greatest common divisor of 12 and 204?
12
Calculate the greatest common factor of 25418 and 568.
142
What is the greatest common factor of 34 and 7786?
34
Calculate the highest common factor of 1027 and 26.
13
Calculate the highest common divisor of 12 and 1284.
12
What is the highest common factor of 23312 and 16?
16
Calculate the highest common divisor of 735 and 15.
15
What is the greatest common factor of 520 and 50?
10
Calculate the greatest common divisor of 16107 and 546.
273
Calculate the highest common divisor of 8 and 36.
4
Calculate the greatest common divisor of 144 and 1074.
6
Calculate the highest common divisor of 660 and 33.
33
What is the highest common factor of 94 and 1786?
94
What is the greatest common divisor of 132 and 121?
11
Calculate the greatest common factor of 34 and 2006.
34
Calculate the highest common factor of 1072 and 224.
16
Calculate the greatest common divisor of 22 and 38203.
11
Calculate the highest common factor of 152 and 67336.
152
What is the highest common divisor of 189 and 42?
21
What is the greatest common divisor of 98 and 28?
14
Calculate the greatest common factor of 286 and 104.
26
What is the greatest common factor of 27 and 1539?
27
What is the highest common factor of 42 and 2625?
21
Calculate the highest common divisor of 375 and 20.
5
What is the greatest common divisor of 74 and 814?
74
Calculate the highest common divisor of 190 and 114.
38
What is the highest common factor of 70 and 60?
10
Calculate the highest common divisor of 14 and 1771.
7
What is the greatest common divisor of 112 and 644?
28
Calculate the highest common divisor of 182 and 715.
13
Calculate the greatest common factor of 4320 and 390.
30
What is the highest common factor of 99 and 1056?
33
What is the highest common divisor of 665 and 380?
95
Calculate the greatest common divisor of 35625 and 57.
57
What is the greatest common factor of 42894 and 36?
18
Calculate the highest common divisor of 105 and 1785.
105
What is the greatest common divisor of 20 and 6140?
20
Calculate the highest common divisor of 350 and 385.
35
What is the highest common divisor of 72 and 16605?
9
Calculate the greatest common divisor of 44 and 154.
22
What is the greatest common factor of 50 and 40?
10
What is the highest common divisor of 1178 and 76?
38
Calculate the highest common factor of 560 and 3024.
112
Calculate the highest common factor of 385 and 11.
11
Calculate the greatest common factor of 9 and 717.
3
What is the highest common factor of 39 and 111?
3
Calculate the greatest common divisor of 54 and 126.
18
What is the greatest common divisor of 40 and 670?
10
Calculate the highest common divisor of 119 and 2737.
119
Calculate the highest common divisor of 175 and 1250.
25
Calculate the highest common factor of 1116 and 2542.
62
Calculate the greatest common divisor of 952 and 1768.
136
Calculate the highest common divisor of 128 and 1408.
128
What is the greatest common divisor of 230 and 25?
5
Calculate the highest common factor of 70 and 322.
14
Calculate the highest common divisor of 550 and 100.
50
What is the greatest common divisor of 752 and 16?
16
What is the highest common divisor of 21240 and 80?
40
What is the greatest common divisor of 29670 and 69?
69
Calculate the highest common factor of 168 and 3108.
84
Calculate the greatest common factor of 517 and 11.
11
Calculate the highest common divisor of 213 and 3763.
71
What is the highest common factor of 180 and 78?
6
What is the highest common divisor of 57 and 703?
19
Calculate the highest common factor of 84 and 840.
84
What is the greatest common factor of 864 and 2784?
96
What is the greatest common divisor of 350 and 770?
70
Calculate the greatest common factor of 16 and 64.
16
Calculate the greatest common factor of 84 and 224.
28
What is the highest common divisor of 490 and 784?
98
Calculate the highest common divisor of 116 and 8.
4
Calculate the greatest common divisor of 581 and 415.
83
What is the greatest common divisor of 5842 and 207?
23
What is the highest common divisor of 41 and 82?
41
Calculate the greatest common divisor of 17004 and 156.
156
What is the highest common divisor of 20 and 128?
4
What is the highest common divisor of 150 and 90?
30
Calculate the greatest common divisor of 396 and 99.
99
Calculate the greatest common factor of 779 and 19.
19
Calculate the highest common divisor of 24119 and 542.
271
What is the highest common factor of 59 and 15871?
59
Calculate the greatest common divisor of 84 and 3822.
42
Calculate the highest common factor of 107 and 428.
107
Calculate the highest common factor of 128 and 9.
1
Calculate the greatest common divisor of 9383 and 11.
11
Calculate the highest common divisor of 1778 and 14.
14
What is the greatest common factor of 41 and 123?
41
Calculate the greatest common factor of 96 and 10.
2
What is the greatest common factor of 1431 and 27?
27
What is the greatest common divisor of 40645 and 55?
55
What is the highest common factor of 5 and 60?
5
Calculate the highest common divisor of 69 and 10419.
69
What is the greatest common factor of 11 and 385?
11
Calculate the greatest common factor of 451 and 77.
11
What is the highest common divisor of 2691 and 138?
69
Calculate the highest common factor of 18 and 66.
6
Calculate the greatest common factor of 1368 and 1007.
19
What is the highest common divisor of 49 and 1050?
7
What is the highest common factor of 150 and 3650?
50
Calculate the highest common divisor of 28 and 4102.
14
What is the highest common divisor of 204 and 884?
68
What is the highest common divisor of 28 and 1750?
14
What is the highest common divisor of 5132 and 8?
4
